hat is (86 - 96) + 36 + 0 - (3 + 0)?
23
-10 + (-12 + 6 + 20 - (10 - 3))
-3
What is (5 - (-74 + 27)) + -39?
13
What is -13 + (12 - 6 - -34)?
27
Calculate 3 - (-1 + -2 + (13 + -19 - -9)).
3
Evaluate 78 - (28 + (-6 + -15 - -18)).
53
Evaluate -38648 + 38628 + (0 + 1 - -99).
80
-64 - (0 - 1 - 0) - (24 + -229 + 197)
-55
What is -11 - (3 - 1 - (7 + (-30 + 41 - -57)))?
62
Evaluate 67 + -64 + (107 + -8 + 4 - 7).
99
Evaluate -45 + (0 - 12) + (10 - 9) + 0.
-56
44 + -18 + -45 + -102 + 29
-92
Evaluate (1 + -6 - (-18 - -1)) + (-34 + 7 - -19).
4
What is (322 - 303 - (4 - 4 - -2)) + 51?
68
What is -208 + 88 + (3 - 5) + 19 - -25?
-78
What is 9 + 37 + (-14 - 33) - (1 + -2 - 83)?
83
Evaluate (132 - (38 - -137)) + 84.
41
(9 - 40 - (-23 + -1)) + 19 + 38
50
Evaluate -26 - ((165 - 174) + (2 - (0 + -15))).
-34
Calculate 28 - (16 - (32 + (-12 - 115))).
-83
What is -392 - -338 - (3 + -42)?
-15
Calculate -128 - (81 - 181) - -55.
27
Calculate -31 - (-28 - (-23 + -4 - -27)).
-3
What is (2 - (1 - 1)) + 13 + -3 + -27 + -14?
-29
What is 1 - -9 - (-47 + 144 + (20 - (-4 + 14)))?
-97
What is -26 + 26 + -3 + -5 + 0 + -60?
-68
(11 - 23) + 10 + (-12 - (-88 - -15))
59
Evaluate -34 - -11 - ((106 - 45) + -16).
-68
Calculate -3 - (-4 + (-5 - -43)).
-37
-7 + (1 + 5 - (36 + (37 - (-13 - -69))))
-18
Evaluate (-171 - -158) + 33 + 10.
30
89 + 27 + -39 + -27 - 2
48
What is the value of (-77 + 40 - -80) + -90?
-47
What is the value of 72 + ((20 - 71) + 39 - -28)?
88
Evaluate (-13 - -16) + 6 + 5 + -8 - -40.
46
42 + 20 + (-2 + 7 - 11) - (3 + -1)
54
Calculate 8 - (-6 + 6 + 1 + -20).
27
What is the value of 73 - (-61 + 81 - -39)?
14
What is the value of -541 + 607 + (42 + -1 - -1)?
108
What is -30 + -35 + 94 + (2 + 2 - 9)?
24
What is 150 + -105 + -90 + 87?
42
What is the value of -60 - ((-205 - -78) + 10)?
57
Calculate 9 + -24 + -8 + 25 + -64 + 5.
-57
(-43 - (-35 + -38)) + -126 + -8
-104
What is the value of (12 - (43 - 45)) + 26?
40
What is 36 + (-7 - (-81 - -37) - 95)?
-22
7 - (7 - (2 + 2 - (-17 + 13 - -58)))
-50
Calculate -14 + -1 + (69 - (79 + -22)) + 43.
40
Evaluate 72 - (1 + (43 + -42 - (-21 - (-6 - 2)))).
57
What is 10 - (-62 + 60 - (-3 + 19))?
28
-43 + 218 + -122 - (-4 + 39)
18
-75 - 6 - ((-2 + 2 - 13) + -4 + 9)
-73
What is -11 - (-31 + 0 + (22 - 7) + -8)?
13
Calculate -8 + (-2 + -6 - (21 + (14 - 6))).
-45
What is (62 - (-46 - -41)) + (2 - 21)?
48
What is the value of 13 + -5 + 10 + -19 + 2 - (11 + 0)?
-10
Evaluate -1 + 10 - (-120 + 166).
-37
Calculate (-2 - 1) + (2 - 10 - -15) - -12.
16
What is the value of -1 - (-12 - (11 + -8 + -35) - (4 + -2))?
-19
What is the value of (155 - 143) + (-25 - 0) - (-12 - 114)?
113
Calculate (-38 - -63) + -41 + -9.
-25
Calculate -68 - (-53 - (122 - 33)).
74
What is -27 + 0 + 66 + (2 + -6 - -3 - 6)?
32
Evaluate (85 - -84 - 206) + (1 - -81).
45
What is -45 + (-3 - (-13 - 9)) + (-3 - (3 + 2))?
-34
Calculate 18 - (9 - (9 + -7 + -12 + 12 + 4)).
15
What is -65 - (44 - (164 - 58))?
-3
What is the value of 51 + -81 + (67 - 10)?
27
What is (12 - 13 - 21) + 24 + -24?
-22
-22 - -25 - (62 + 11)
-70
What is the value of -14 + (15 - -42) + (-29 - -15)?
29
What is -65 + 189 - 66 - 2?
56
What is the value of 6 + (-22 - -12) + (-136 - -39)?
-101
Calculate (10 - -157 - 171) + -1 + -81 + 2.
-84
Calculate -7 + (4 - (5 - 3) - (40 + -21) - -8).
-16
Evaluate 63 - (29 + 0 + 91 + -139).
82
What is -13 + 20 + (79 - 55)?
31
What is 9 - (-15 + 59 + -54 + (48 - 0))?
-29
What is 1697 + -1639 + (-3 - 119)?
-64
Calculate 78 + (9 + 5 - (-26 - (-12 - 25))).
81
-67 - 0 - (-4523 - -4480)
-24
Calculate 83 + (-28 - (-44 + 50)).
49
What is 1 + (-4 - (15 + -10) - -9) + 3 + -52?
-48
-1375 + 1379 + -25 + (-5 + (2 - 4) - -5)
-23
What is the value of (-59 - -46) + 49 - -2?
38
What is the value of 8 + (-8 + -6 + 8 - (3 + -1)) - 8?
-8
What is 1 + 0 + 32 - (2288 + -2269)?
14
Calculate -122 + 2 - (-2428 - -2341).
-33
What is (-12 - (7 - (11 - -9))) + -1 + 6 + -46?
-40
What is the value of 13 + -25 - (-6 + 25)?
-31
Evaluate 0 + 23 + 270 + -230 + -53.
10
Evaluate 892 + -915 - (-1 - 42).
20
What is 9 - (-17 + 31) - (38 - (6 - (4 - 0)))?
-41
-1 + 9 + (735 - 738) + (0 - 15)
-10
What is -22 + (-1 - -2) - (526 + -913 - -297)?
69
What is the value of (3 - 11) + ((41 - 53) + 36 - (1 + 10))?
5
What is the value of (1 - 8 - (-101 - -88)) + (37 + 0 - 0)?
43
What is the value of (-33 - (-6 + -15)) + 1 + 32 + 3?
24
What is 13 + (-419 - -425 - (1 - -124)) + 20?
-86
What is (-36 - -219) + -85 + (-9 - -3)?
92
What is the value of 3 + (14 - ((-3 - -23) + 49))?
-52
What is the value of 9 + 2 + (-23 + 107 + -4 - (-3 + -2))?
96
What is the value of -28 + 25 - 6 - (80 - (5 + -2 + 1))?
-85
What is (14 - (-7 - -19 - 23)) + -13 - 8?
4
What is (-39 - -26) + (30 - (2 + (-11 - -8)))?
18
What is 3348 + -3310 - (-28 + 1)?
65
Evaluate (-64 + 47 - -15 - ((0 - 1) + -7)) + -18.
-12
What is 1 + -30 + -2 + 4 + -14 + 8?
-33
What is the value of 21 + (-28 - (-46 - -40))?
-1
Calculate -148 + (29 - -131) - (-22 - -1).
33
2 + -10 + -1 - (-5553 + 5550)
-6
Evaluate (-41 - 11) + -41 + 80.
-13
What is -5 + 0 + 34 - 47?
-18
Evaluate (-86 - (54 + -164)) + -1 + -114.
-91
Evaluate (-8 - (-2 - (-23 - -67))) + -7 + -1.
30
-56 + 75 + (4 - 30)
-7
-62 + -10 + (56 - 34 - 7)
-57
What is (121 - 10) + (21 - 32) + 2 + -10 + 4?
96
(1 - 9) + (18 + -52 - (-4 - -4)) + -19
-61
Evaluate -117 - ((-31 - -2 - 47) + 40).
-81
-41 - (878 - 892 - (1 + -34))
-60
14 + -2 - (-62 + 48)
26
What is 3 + (-7 - 9) + (1 - 0 - 7) - -8?
-11
(652 - 645) + (3 - (4 - 7))
13
Calculate -5 - 44 - (9 - -12 - 22).
-48
Evaluate -3 + -17 + 12 + 18 + 0 + -2 + -57.
-49
What is (8 + -1 - (24 + 15 + -40)) + -34?
-26
What is the value of -135 - (204 + -145 + -155)?
-39
Evaluate (-50 - (-13 + 5)) + 17 - -96.
71
Calculate 60 + -81 + (5 - 1) + 2 + 46.
31
Calculate 0 - 30 - (0 + 3) - (-4063 - -4080).
-50
Calculate 760 + -760 - (16 + (0 - 1)) - -31.
16
What is the value of -7 + -1 - -8 - (-23 - -2)?
21
50 - (81 + 27 + -59)
1
Evaluate (-4 - (-5 - -6) - 7) + (2 - -38).
28
Evaluate -29 - (-5 - -18 - (48 - 23)).
-17
Evaluate -25 + (20 - -21 - 13) + -57.
-54
15 - (-1 - 0 - 25 - (-65 - (43 + -110)))
43
29 - (-43 + -14 - -26 - -33)
27
Evaluate 62 + (-75 - -29) - -32.
48
What is the value of 11 + (-37 - -55) + -21?
8
What is -139 - -126 - 80 - (-21 - 3)?
-69
What is the value of (-2 - 0) + (13 - 13 - 88 - -10) + -13?
-93
0 + -99 + -2 - ((34 - -11) + -64 + 31)
-113
What is the value of 2 - (9 - (2 + -2)) - (9 + -58 + 49)?
-7
Evaluate (23 - -2) + 7 + (-1 - -7).
38
Calculate 73 - (-3 + 8 + (1 - 6) - (55 + -68)).
60
Evaluate -92 + 23 + 136 - 41.
26
What is -17 - (1 + -3) - (25 + (79 - (31 - 50)))?
-138
What is the value of -7 + (18 + 22 + -45 - (0 + -1))?
-11
What is the value of 42 + (11 - (14 - -9)) + 2 + 3?
35
What is the value of -4 + -2 + 1 - (3 + (-15 - -14))?
-7
Calculate (-212 - -216 - (-2 - 18) - 6) + 118.
136
What is (112 - -3) + 1331 + -1411?
35
Evaluate -1 - (-2 - -1) - (150 + -178 + (17 - 6)).
17
Calculate 94 - (27 - (27 - 24 - -64)).
134
5 + -64 + -4 - (70 + -105 + 39)
-67
Calculate -9 + (-16 - (-66 + -22 + 35)) + (1 - 2).
27
What is the value of 4 - (-92 - -41 - -40)?
15
What is -3 + -10 + (0 - -2) + -5 - (113 + -105)?
-24
Calculate (16 - (64 + -15 + -20)) + 57.
44
Calculate 11 - ((5 - -5 - (-7 + 73)) + 10).
57
Evaluate -67 - (-17 - (-10 - -18 - (8 - 0))).
-50
What is the value of (-2 + -17 - -13) + -6 + 73 + -8 - -9?
62
Calculate 1 - -9 - (7 - (-93 + 101 - (9 + -4))).
6
What is the value of -11 + (49 - 8) - 61?
-31
Evaluate -87 + (46 - 0) + 1 + 9 + 1.
-30
What is -4 - (1 - 12) - (62 + (4 - 3 - 17))?
-39
Evaluate -5345 + 5340 + 0 + (-2 + (3 - 2) - 11).
-17
-4 + ((95 - 92) + (1 - 0) - -53)
53
What is the value of -13 + -23 + (-12 - (-25 - ((-12 - -9) + -10)))?
-36
(1076 - 1099) + (11 - (1 - 3)) + 18 + -21
-13
What is the value of -38 - (-39 - -27) - -26?
0
Calculate -3 + -41 + 28 + -24 + (3 - 1).
-38
Evaluate -2892 + 2916 - (-1 - -1).
24
What is the value of 26 + (0 - -1) - (-13 + -18 - (0 - 23))?
35
What is 63 + -65 + -8 + (0 - -49) + -2?
37
Calculate (3 - (0 - -24)) + -2102 + 2165.
42
What is the value of -15 + (12 - 27) + 11?
-19
What is the value of 82 + -51 + -10 + (-3 - 1)?
17
Calculate ((-11 - 21) + 13 - (-26 - -14)) + (-99 - 0).
-106
Calculate 3 + (3 - ((4 - (-11 + 7)) + -3)).
1
What is t